5
Evaluate 3 + -1 + (9 - (0 + 17)).
-6
Calculate (-3 - -1) + 3 + (6 - 14).
-7
Evaluate 3 - (-4 - -1) - 5.
1
Evaluate 2 - (7 - (1 + (2 - 2))).
-4
What is the value of 0 - (1 + 3 + -9)?
5
What is -4 + 5 + (2 - 5)?
-2
What is 10 + -17 - -12 - 5?
0
What is (0 - (-3 + 3)) + (-2 - 0)?
-2
Calculate -4 - 0 - (-3 - -2 - 1).
-2
Calculate 8 + (5 - (24 + -4 - 0)).
-7
Evaluate (5 + -7 - -5) + 0 + -6.
-3
(-5 - -4) + (-7 - 2 - -16)
6
-22 + (27 - 7) + 10 + 0
8
What is (2 + 1 - 27) + 13?
-11
(-26 - -19) + (-2 - -9)
0
Calculate 2 + -4 + 1 + 3 - 1.
1
Evaluate 3 + -9 + (1 - (0 - 3)).
-2
15 + -12 + 1 + 0 + -1
3
Calculate (-8 - (11 - 24)) + -4.
1
What is -6 - (-17 + 10 + (1 - 2))?
2
What is the value of -3 + (1 - -3 - (-5 + 1))?
5
What is 3 + (9 - 4 - 13)?
-5
Calculate -12 + 8 + 0 + 7.
3
Evaluate -6 + (1 + -2 - (-3 - 1)).
-3
Calculate 19 - (-2 + 1 + 13).
7
(1 + -3 - -4) + 4
6
What is 0 - (-5 - (-11 + 4))?
-2
What is the value of -3 - (0 + 1 + (-7 - 0))?
3
Calculate -9 - (-6 + (-11 - -6)).
2
What is the value of 1 + 3 + -3 + 4?
5
Evaluate (5 - 2 - 4) + 5 + -2.
2
Calculate -8 + 6 + 0 + (-3 - -3).
-2
0 + -4 + (-2 + 3 - 2)
-5
Evaluate -7 + (0 - -1) + 0 + 3.
-3
What is the value of 11 - (-2 - 5 - -8)?
10
-3 - -2 - (23 + -23)
-1
Evaluate 0 - (-1 + 0) - -5.
6
1 + -3 - -4 - (2 + -6)
6
What is the value of 1 - (2 + -2) - (9 + -4)?
-4
Evaluate -6 - -10 - (6 + (5 - 2)).
-5
Evaluate 4 + -10 + 0 + 1.
-5
Evaluate (-2 - 5) + 2 - (-13 - -9).
-1
0 + -8 + -124 + 135
3
1 + -1 - (4 - (1 - 1))
-4
1 - -3 - (-8 + -16 + 30)
-2
1 + -4 + 2 + -3 + 2
-2
Evaluate -3 + 9 + (4 - 6).
4
What is the value of (6 - (7 - -10)) + 3?
-8
Calculate 3 - (2 + -4 + 2).
3
What is the value of 4 + 3 + -2 - (0 + 0)?
5
What is the value of -12 + (8 - 4 - 10 - -12)?
-6
What is -7 + 17 + -3 + (-1 - 0)?
6
What is the value of 7 + (-1 - 5 - 10)?
-9
Calculate -2 + (-2 + 2 - (-5 - 1)).
4
-3 - -3 - (-1 + 3)
-2
Calculate (-1 - 2) + 2 + 0.
-1
Evaluate 6 - (8 + -4 - 2).
4
Calculate 5 + -4 + -1 + -1.
-1
13 + -3 - (-3 + 2)
11
0 + (-12 - -9) + -4
-7
What is (-3 - -2 - 2) + -1?
-4
What is 6 - -1 - (2 + 3)?
2
Evaluate -3 - -8 - 3 - (-4 - -1).
5
Calculate (8 - 4) + (0 - 1).
3
What is -5 - (-3 - -3) - (-21 + 22)?
-6
What is the value of 7 + -4 - (1 - (3 + -3))?
2
Calculate -2 + (11 - 5) + -1.
3
16 + (3 - 7) - 6
6
What is the value of 5 + -14 + 8 - -3?
2
35 + -27 + 1 + -6
3
What is -15 + (6 - (4 + 4) - -6)?
-11
Calculate (4 - 1) + (3 - -2 - 7).
1
Calculate (-6 - -6) + (4 - 2) + 0.
2
-3 + (1 - (-13 + 6))
5
What is the value of ((-2 - 2) + 1 - -3) + 1?
1
Evaluate -7 - (2 + -4 + 3 + -4).
-4
2 - (4 + (0 - -2))
-4
What is the value of 3 - (7 + -2 + -3 + 1)?
0
Calculate 4 - 1 - (-12 - -8) - 2.
5
Calculate (8 - 14) + -5 + 1 + 7.
-3
Calculate 1 + -9 - (-64 - -60).
-4
Calculate 0 + ((-6 - 2) + 3 - -4).
-1
Calculate -1 - 0 - ((2 - 1) + 3).
-5
Evaluate 2 - ((5 + -3 - 1) + 2).
-1
What is (30 - 9) + -12 - (2 + -2)?
9
Evaluate 0 + 5 - (0 - (-6 - -8)).
7
Evaluate 5 + (-6 - (0 - 5 - 1)).
5
Calculate -4 + (-2 - -4) + -1.
-3
What is the value of -5 + (-10 + 7 - -4)?
-4
Evaluate 2 + 11 - ((6 - 0) + 1).
6
(1 - -2) + 17 + -21
-1
What is 12 + -4 + (-9 - 3)?
-4
Calculate 7 + -2 + (-3 - 0).
2
Evaluate 0 + 2 + -3 + -2 + 2.
-1
Evaluate 4 - 2 - (-2 - -2).
2
What is the value of -6 - (-5 + 11 + -5 - 13)?
6
What is 1 - 3 - (-3 - -2)?
-1
-1 + 2 + (10 - 12)
-1
0 + 9 - (2 + 2)
5
What is the value of 83 - 76 - (6 + 0)?
1
Evaluate 2 + 0 + -6 + 56 + -44.
8
Calculate -8 + 0 + 8 + (-5 - 2).
-7
What is (0 - -4) + (-1 - 4 - 0)?
-1
What is 3 + (6 - 4) - 7?
-2
What is the value of 1 - ((-3 - 2) + 1)?
5
Calculate -1 - (-6 - -2) - 3.
0
What is 3 + 3 + (12 - 18)?
0
(-1 - -6) + 2 + -3 + -3
1
What is 2 + -2 + 6 - (55 - 50)?
1
(-2 + 2 - -2) + (0 - 4)
-2
What is the value of (1 - -2) + (-14 - -13)?
2
Evaluate 3 + -1 - (4 + -2).
0
What is 2 + 0 + -4 + 0 + 1?
-1
-6 + -1 + -8 + 15
0
Calculate 0 + -1 - 2 - -7.
4
Calculate (-63 - -67) + (-1 - -2) + -2.
3
Evaluate 9 + -3 + -6 + -2 + 1.
-1
7 - (8 + (-1 - 3)) - 7
-4
What is the value of 0 + 5 - (-73 - -83)?
-5
(2 - ((-4 - -3) + -4)) + -3
4
What is (-4 - 0) + (1 + -2 - -2)?
-3
What is the value of -10 - (-3 - -8) - -15?
0
What is 5 + (2 + 3 - 3) - 9?
-2
Evaluate -5 + 1 + (4 - 5).
-5
What is the value of 1 + (0 - (0 + 3)) + 2?
0
Evaluate -1 + -3 + -18 + 27.
5
What is the value of -11 + 12 - (0 - -3)?
-2
-17 - -3 - (7 + -17)
-4
Evaluate 110 - 105 - ((1 - 2) + 0).
6
What is (-1 - -5) + -2 + -1 + 3?
4
-1 + 2 - (10 - 8 - 2)
1
0 + 5 - (-2 - -12) - -2
-3
Calculate 3 - 5 - (-5 - -6).
-3
Evaluate (-22 - -24) + -2 + 0.
0
What is 15 + (-5 - (-2 + (5 - 3)))?
10
-1 - -1 - (-3 - (-6 + 3))
0
What is the value of 5 + -1 - (14 - 6)?
-4
What is -11 + 11 + -6 + 1?
-5
-5 + -2 + 6 - (-2 + -4)
5
-4 + 0 + (13 - 13)
-4
(-1 + -11 - -6) + 10
4
Evaluate (1 - 8) + 16 + -12.
-3
What is (7 - (2 - -3)) + -6?
-4
1 - (4 + (1 - 3))
-1
Evaluate -6 + 1 + (-7 - -4) + 6.
-2
Evaluate -2 + 3 - (4 - 2).
-1
What is the value of (-54 - -59) + (2 - (15 - 1))?
-7
What is the value of 3 + (-1 - (0 - (0 + 3)))?
5
What is the value of -2 - (2 + -1) - (-1 + -5)?
3
What is the value of 10 + -7 + 3 + -12?
-6
Evaluate 4 - 1 - 5 - -5.
3
What is the value of -2 + 10 - (11 - 3)?
0
Calculate -2 - (-1 + (-3 + 2 - -3)).
-3
What is -1 + 2 + 62 + -59?
4
(-2 - -2) + 4 + -5
-1
What is (3 - -1) + (5 - 4)?
5
Calculate ((-6 - -2) + 7 - -2) + -4.
1
(6 - (7 - -2)) + 9
6
What is 3 + -11 - (-27 - -26)?
-7
What is the value of 0 - (-1 + (-1 - -3))?
-1
What is (3 + 1 - -2) + (-3 - -2)?
5
-2 - (-2 + 1 - 2)
1
Evaluate -1 + -5 + 14 + -12 - -5.
1
What is the value of 8 - (5 - 5 - -3)?
5
What is (11 - -1) + -7 + 4?
9
What is the value of 3 + 1 + -2 + (0 - 1)?
1
What is -24 + 21 - (-1 - (1 - 4))?
-5
What is the value of 14 - -2 - 8 - 13?
-5
-1 - ((5 - 1) + -4)
-1
Evaluate -10 + 17 - (-2 + 2).
7
What is 4 - (-6 + 1 + 9)?
0
Evaluate 2 + -2 + 0 + 3.
3
-1 + 1 + -6 + -12 + 13
-5
What is -9 - (0 - (-5 - -13))?
-1
Evaluate -3 + -4 + -5 + 9 + 3.
0
Evaluate -3 - 0 - (-8 - (-4 - 3)).
-2
What is the value of 3 - (-3 - (-8 - 1))?
-3
Evaluate -7 - 1 - (1 + -6).
-3
3 + -7 + -2 + 3 - -8
5
Calculate 0 - (6 + -14 - -18).
-10
Evaluate 5 + (10 - 12 - 11).
-8
What is the value of 2 + (-6 - -6) + (1 - -1)?
4
-13 + -8 + 17 + -1 + 1
-4
Calculate -1 + -5 + 2 + 4.
0
(-2 - 0) + (11 - 6) + -3
0
What is the value of 5 + (-13 - 1) + 9?
0
Evaluate (55 - 52) + (0 - 0).
3
What is the value of (0 - 0) + -6 + 10?
4
What is the value of 8 + -10 - (-6 - 2)?
6
What is 1 + (0 - -3) + -8 + -2?
-6
What is 0 - (-17 - -9 - -12)?
-4
Calculate -7 + 10 - (-7 + 3 - -3).
4
Calculate 2 + -2 - (7 + -3 + 1).
-5
What is the value of -28 - -24 - (3 + 4)?
-11
Calculate -14 - -28 - 10 - 7.
-3
What is the value of (-3 + 1 - 2) + 3 + -3?
-4
(3 - 6) + 4 + 4
5
What is the value of -1 + -4 + (-3 - -9) + -2?
-1
What is -1 - (0 - (3 - (1 - 0)))?
1
What is 7 + -2 + (4 - 7)?
2
Evaluate -10 + 1 + 4 - (-4 - 4).
3
6 + -11 - (-3 - (2 - 2))
-2
5 + (-18 - (9 - 14))
-8
Calculate -1 + -4 - (5 - 15).
5
What is 9 + 6 + -17 + 3?
1
Evaluate -1 - (4 + -9) - 5.
-1
Evaluate 0 - (4 + (2 - 2) - 4).
0
Evaluate 19 + -14 + (0 - 3).
2
What is the value of 8 + (-7 - 4 - (-5 - -2))?
0
What is 7 - (-12 - -17) - (1 - -4)?
-3
What is (4 - 2) + (-13 - -25 - 12)?
2
Evaluate 1 + -2 + 3 - (4 + 1).
-3
Calculate -11 + 13 + (3 - -1).
6
Calculate (1 - 3) + (10 - (0 + 7)).
1
6 - ((8 - 1) + 1)
-2
7 - (-4 + 5 - -6)
0
84 - 91 - (1 + -5)
-3
What is the value of 8 + (-3 - (5 - 8)) + -1?
7
Calculate 11 + -2 + -8 + 4.
5
What is -4 + 5 - (5 + -1) - -3?
0
What is 11 + -22 - (-12 + 3 + 0)?
-2
15 + -20 - (-1 + -8)
4
What is (-1 + (-2 - -4) - 3) + -4?
-6
Evaluate -8 + 3 + 8 + 2.
5
What is the value of 12 + 8 + -3 + -15?
2
Calculate 6 + (4 + -4 - 4 - -1).
3
Evaluate -2 - (2 + 8 - 10).
-2
What is the value of 0 - (3 - 2) - (0 + 1)?
-2
What is the value of -1 + (-1 - -3) + (-6 - -1)?
-4
What is -6 + 1 - (-6 + 9) - -18?
10
Evaluate (1 - -4 - 3) + 0.
2
(2 - (5 - (7 - -3))) + -4
3
Calculate 7 - (1 + -5 - 3 - -13).
1
What is 8 + -11 + (3 - -5)?
5
Evaluate -1 - 2 - 1 - (2 + -9).
3
Evaluate 1 + (1 - 7) - 0.
-5
Calculate 1 + (3 - (5 + -3)) + -5.
-3
What is the value of 0 + (-1 - (-5 + 8)) + 1?
-3
3 - ((1 - 13) + (21 - 14))
8
Evaluate -3 - 5 - -8 - (-3 - -6).
-3
What is 3 + (-2 - (-2 - 0 - -7))?
-4
Calculate (-3 + 4 - -6) + 